s the greatest common factor of 1118 and 39?
13
What is the greatest common divisor of 54 and 30?
6
What is the greatest common divisor of 870 and 1595?
145
What is the greatest common divisor of 437 and 207?
23
What is the highest common factor of 1062 and 153?
9
Calculate the highest common factor of 70 and 315.
35
Calculate the greatest common factor of 155 and 40.
5
What is the greatest common factor of 1020 and 60?
60
Calculate the greatest common factor of 55 and 5.
5
Calculate the highest common divisor of 4941 and 183.
183
Calculate the highest common factor of 93 and 9951.
93
What is the highest common divisor of 1425 and 75?
75
Calculate the highest common factor of 528 and 5984.
176
What is the highest common divisor of 17 and 272?
17
Calculate the greatest common factor of 50 and 8.
2
What is the greatest common divisor of 135 and 60?
15
What is the highest common factor of 68 and 374?
34
What is the highest common divisor of 3127 and 53?
53
What is the greatest common factor of 20 and 80?
20
Calculate the greatest common divisor of 87 and 3161.
29
What is the greatest common divisor of 236 and 1298?
118
Calculate the highest common factor of 320 and 43360.
160
Calculate the highest common divisor of 1220 and 4148.
244
What is the greatest common divisor of 495 and 90?
45
What is the greatest common factor of 1125 and 150?
75
Calculate the greatest common factor of 3735 and 18.
9
Calculate the highest common divisor of 27192 and 792.
264
What is the highest common factor of 85 and 81005?
85
Calculate the highest common divisor of 57 and 19076.
19
Calculate the greatest common factor of 615 and 492.
123
Calculate the highest common factor of 1242 and 54.
54
What is the greatest common factor of 133 and 14?
7
What is the highest common divisor of 3801 and 724?
181
Calculate the greatest common divisor of 96 and 2892.
12
Calculate the greatest common factor of 772 and 9071.
193
Calculate the greatest common divisor of 15 and 21.
3
Calculate the greatest common divisor of 2592 and 8352.
288
What is the greatest common factor of 525 and 7455?
105
What is the greatest common divisor of 333 and 9?
9
What is the highest common factor of 1200 and 340?
20
Calculate the greatest common divisor of 44 and 319.
11
What is the greatest common divisor of 3021 and 1431?
159
What is the highest common factor of 86 and 602?
86
Calculate the highest common divisor of 1339 and 117.
13
What is the highest common factor of 68 and 4?
4
Calculate the greatest common factor of 100 and 12.
4
What is the highest common divisor of 143 and 26?
13
What is the highest common factor of 88 and 8?
8
What is the greatest common factor of 224 and 21?
7
Calculate the greatest common divisor of 22 and 55.
11
Calculate the highest common factor of 33 and 528.
33
Calculate the greatest common factor of 18 and 711.
9
What is the highest common factor of 782 and 68?
34
Calculate the greatest common divisor of 18 and 639.
9
What is the highest common divisor of 99 and 231?
33
What is the greatest common factor of 38 and 76?
38
What is the greatest common divisor of 17 and 510?
17
What is the highest common divisor of 3987 and 9?
9
Calculate the highest common factor of 9 and 5067.
9
Calculate the highest common factor of 14340 and 12.
12
Calculate the greatest common factor of 117 and 65871.
117
What is the greatest common divisor of 30 and 1290?
30
What is the highest common divisor of 1212 and 84?
12
Calculate the greatest common divisor of 8 and 50.
2
Calculate the greatest common divisor of 440 and 2948.
44
What is the greatest common factor of 24 and 30?
6
What is the highest common divisor of 40 and 5096?
8
Calculate the greatest common divisor of 742 and 318.
106
Calculate the highest common divisor of 392 and 296.
8
Calculate the highest common factor of 86 and 3182.
86
Calculate the greatest common divisor of 2336 and 32.
32
What is the highest common factor of 10160 and 160?
80
Calculate the highest common divisor of 4617 and 972.
243
What is the greatest common factor of 123 and 6847?
41
Calculate the greatest common factor of 1452 and 12.
12
What is the highest common factor of 272 and 68?
68
What is the highest common divisor of 5 and 48?
1
What is the highest common factor of 369 and 9?
9
What is the highest common divisor of 190 and 1670?
10
Calculate the highest common factor of 6 and 498.
6
Calculate the greatest common divisor of 18 and 12591.
9
Calculate the greatest common factor of 357 and 1173.
51
Calculate the greatest common divisor of 16 and 8.
8
Calculate the greatest common divisor of 2016 and 126.
126
Calculate the greatest common divisor of 204 and 5780.
68
Calculate the greatest common divisor of 364 and 104.
52
Calculate the highest common divisor of 8 and 3740.
4
Calculate the greatest common divisor of 180 and 81.
9
Calculate the highest common divisor of 57 and 152.
19
What is the greatest common divisor of 28 and 119?
7
What is the greatest common divisor of 1656 and 216?
72
What is the highest common divisor of 372 and 248?
124
Calculate the greatest common factor of 759 and 3003.
33
What is the greatest common divisor of 25 and 4775?
25
Calculate the greatest common divisor of 39006 and 297.
99
Calculate the greatest common divisor of 1057 and 7.
7
What is the highest common factor of 133 and 21?
7
Calculate the highest common factor of 145 and 4031.
29
What is the greatest common factor of 2 and 14?
2
What is the greatest common factor of 567 and 105?
21
What is the greatest common factor of 10624 and 32?
32
Calculate the greatest common divisor of 1 and 32.
1
Calculate the greatest common factor of 60 and 3840.
60
Calculate the highest common factor of 12 and 33.
3
What is the highest common factor of 90 and 36?
18
What is the greatest common divisor of 33 and 55?
11
Calculate the greatest common factor of 80 and 520.
40
What is the highest common factor of 1421 and 49?
49
What is the greatest common factor of 3 and 19?
1
Calculate the highest common divisor of 1118 and 130.
26
Calculate the highest common divisor of 230 and 1196.
46
Calculate the greatest common divisor of 12635 and 35.
35
What is the highest common divisor of 104 and 13?
13
What is the highest common factor of 3612 and 144?
12
What is the greatest common factor of 600 and 1320?
120
Calculate the greatest common factor of 189 and 42.
21
What is the greatest common divisor of 55 and 15840?
55
Calculate the greatest common divisor of 3991 and 26.
13
What is the highest common factor of 10 and 1895?
5
What is the greatest common divisor of 7600 and 25?
25
What is the highest common factor of 36 and 252?
36
Calculate the greatest common factor of 121 and 1936.
121
What is the greatest common divisor of 650 and 104?
26
Calculate the greatest common factor of 2628 and 6.
6
What is the greatest common factor of 210 and 24?
6
Calculate the highest common factor of 1032 and 8.
8
What is the greatest common divisor of 55 and 55?
55
What is the highest common divisor of 636 and 12?
12
Calculate the greatest common divisor of 9 and 57.
3
Calculate the greatest common factor of 6 and 4842.
6
Calculate the greatest common divisor of 38 and 19.
19
What is the highest common factor of 84 and 14826?
42
Calculate the greatest common factor of 696 and 19140.
348
Calculate the greatest common factor of 82 and 205.
41
Calculate the highest common divisor of 5 and 445.
5
Calculate the greatest common factor of 1392 and 120.
24
Calculate the highest common factor of 2345 and 105.
35
Calculate the greatest common divisor of 559 and 156.
13
Calculate the greatest common factor of 986 and 290.
58
Calculate the highest common divisor of 34393 and 1055.
211
What is the highest common divisor of 6925 and 175?
25
What is the highest common divisor of 75 and 480?
15
Calculate the highest common divisor of 63 and 22554.
63
Calculate the greatest common divisor of 248 and 93.
31
What is the greatest common divisor of 1150 and 50?
50
What is the highest common factor of 3190 and 770?
110
What is the highest common factor of 108 and 837?
27
Calculate the greatest common divisor of 69 and 943.
23
What is the greatest common factor of 448 and 168?
56
Calculate the highest common divisor of 290 and 26